e hundreds digit of 426014?
0
What is the millions digit of 8728206?
8
What is the hundred thousands digit of 141793?
1
What is the units digit of 1356887?
7
What is the millions digit of 4193943?
4
What is the units digit of 687889?
9
What is the hundreds digit of 2046102?
1
What is the hundreds digit of 87643?
6
What is the tens digit of 1103452?
5
What is the tens digit of 696282?
8
What is the millions digit of 7749686?
7
What is the millions digit of 5155919?
5
What is the thousands digit of 755389?
5
What is the hundred thousands digit of 11947142?
9
What is the hundreds digit of 420532?
5
What is the hundreds digit of 5234149?
1
What is the millions digit of 7372197?
7
What is the hundreds digit of 52675?
6
What is the hundred thousands digit of 9705814?
7
What is the ten thousands digit of 1711285?
1
What is the units digit of 6115616?
6
What is the hundreds digit of 24424?
4
What is the hundreds digit of 159877?
8
What is the tens digit of 4090443?
4
What is the units digit of 17798336?
6
What is the units digit of 381039?
9
What is the hundred thousands digit of 217198?
2
What is the thousands digit of 58520?
8
What is the tens digit of 7579988?
8
What is the tens digit of 672970?
7
What is the hundred thousands digit of 1710155?
7
What is the thousands digit of 12908128?
8
What is the thousands digit of 2420984?
0
What is the hundreds digit of 718815?
8
What is the millions digit of 4727459?
4
What is the units digit of 531745?
5
What is the millions digit of 16644678?
6
What is the thousands digit of 3271808?
1
What is the hundreds digit of 71095?
0
What is the ten thousands digit of 152159?
5
What is the thousands digit of 538469?
8
What is the ten thousands digit of 492258?
9
What is the tens digit of 552321?
2
What is the thousands digit of 24199134?
9
What is the hundred thousands digit of 33082417?
0
What is the ten thousands digit of 798638?
9
What is the units digit of 7137704?
4
What is the hundreds digit of 300727?
7
What is the hundreds digit of 21050932?
9
What is the tens digit of 53571?
7
What is the ten thousands digit of 264169?
6
What is the tens digit of 81236?
3
What is the hundred thousands digit of 1485298?
4
What is the tens digit of 37915957?
5
What is the hundred thousands digit of 5742154?
7
What is the thousands digit of 3595075?
5
What is the hundreds digit of 4412650?
6
What is the hundred thousands digit of 19226127?
2
What is the tens digit of 226886?
8
What is the tens digit of 1058580?
8
What is the millions digit of 3970860?
3
What is the millions digit of 14341268?
4
What is the hundred thousands digit of 5399957?
3
What is the thousands digit of 16281224?
1
What is the millions digit of 4236196?
4
What is the hundreds digit of 630672?
6
What is the hundreds digit of 603781?
7
What is the units digit of 40372?
2
What is the hundred thousands digit of 969550?
9
What is the millions digit of 6082521?
6
What is the hundreds digit of 1156865?
8
What is the thousands digit of 2659734?
9
What is the hundreds digit of 6118699?
6
What is the ten thousands digit of 1371070?
7
What is the ten millions digit of 13197066?
1
What is the thousands digit of 5911688?
1
What is the tens digit of 3375769?
6
What is the hundred thousands digit of 879859?
8
What is the units digit of 5717714?
4
What is the tens digit of 13622284?
8
What is the thousands digit of 120051?
0
What is the ten thousands digit of 1172872?
7
What is the ten millions digit of 41948077?
4
What is the ten thousands digit of 29649909?
4
What is the millions digit of 10216083?
0
What is the ten thousands digit of 1205534?
0
What is the ten millions digit of 27673767?
2
What is the units digit of 374674?
4
What is the tens digit of 8446990?
9
What is the hundreds digit of 2064715?
7
What is the units digit of 6221379?
9
What is the ten thousands digit of 195075?
9
What is the tens digit of 2149458?
5
What is the hundred thousands digit of 137846?
1
What is the units digit of 241799?
9
What is the hundreds digit of 233586?
5
What is the tens digit of 162033?
3
What is the tens digit of 906287?
8
What is the millions digit of 3096002?
3
What is the units digit of 1316374?
4
What is the tens digit of 36746?
4
What is the units digit of 159455?
5
What is the ten thousands digit of 10128268?
2
What is the units digit of 644302?
2
What is the units digit of 17159390?
0
What is the hundred thousands digit of 1578582?
5
What is the ten thousands digit of 297288?
9
What is the units digit of 1021495?
5
What is the tens digit of 108224?
2
What is the ten thousands digit of 1648060?
4
What is the thousands digit of 323381?
3
What is the tens digit of 247031?
3
What is the ten thousands digit of 1863093?
6
What is the ten thousands digit of 86846?
8
What is the thousands digit of 30226?
0
What is the ten thousands digit of 59615?
5
What is the millions digit of 2948737?
2
What is the ten thousands digit of 12235306?
3
What is the thousands digit of 20815329?
5
What is the tens digit of 524449?
4
What is the hundred thousands digit of 692564?
6
What is the hundreds digit of 7869?
8
What is the millions digit of 8565851?
8
What is the ten thousands digit of 1012108?
1
What is the thousands digit of 985181?
5
What is the units digit of 263631?
1
What is the thousands digit of 3670036?
0
What is the thousands digit of 78619?
8
What is the hundreds digit of 3984697?
6
What is the ten thousands digit of 829528?
2
What is the ten thousands digit of 2539453?
3
What is the hundred thousands digit of 361901?
3
What is the tens digit of 1192026?
2
What is the hundreds digit of 254378?
3
What is the hundred thousands digit of 1896064?
8
What is the tens digit of 2811888?
8
What is the ten thousands digit of 8375101?
7
What is the thousands digit of 2050410?
0
What is the thousands digit of 154058?
4
What is the hundreds digit of 7872918?
9
What is the ten thousands digit of 996537?
9
What is the millions digit of 2122479?
2
What is the hundreds digit of 880696?
6
What is the millions digit of 6418554?
6
What is the units digit of 614279?
9
What is the thousands digit of 659430?
9
What is the ten thousands digit of 1795312?
9
What is the thousands digit of 1186355?
6
What is the units digit of 540650?
0
What is the millions digit of 4088399?
4
What is the tens digit of 548301?
0
What is the thousands digit of 132240?
2
What is the tens digit of 9080479?
7
What is the tens digit of 374449?
4
What is the thousands digit of 110899?
0
What is the thousands digit of 663270?
3
What is the hundreds digit of 5197606?
6
What is the tens digit of 12150634?
3
What is the tens digit of 20140089?
8
What is the ten thousands digit of 14618915?
1
What is the millions digit of 17948197?
7
What is the ten thousands digit of 159932?
5
What is the tens digit of 4330655?
5
What is the tens digit of 36840135?
3
What is the millions digit of 6713381?
6
What is the hundreds digit of 31170377?
3
What is the millions digit of 20086407?
0
What is the hundred thousands digit of 3998305?
9
What is the hundreds digit of 8600255?
2
What is the hundreds digit of 1982211?
2
What is the tens digit of 28629?
2
What is the hundred thousands digit of 608838?
6
What is the hundreds digit of 19369270?
2
What is the millions digit of 3853683?
3
What is the tens digit of 1313243?
4
What is the ten thousands digit of 180017?
8
What is the units digit of 1217800?
0
What is the units digit of 17963634?
4
What is the thousands digit of 51487?
1
What is the thousands digit of 899676?
9
What is the hundreds digit of 11829?
8
What is the ten thousands digit of 416547?
1
What is the ten thousands digit of 830639?
3
What is the millions digit of 1499619?
1
What is the tens digit of 1059181?
8
What is the tens digit of 1423464?
6
What is the thousands digit of 12364331?
4
What is the hundreds digit of 23806606?
6
What is the units digit of 1499623?
3
What is the units digit of 321174?
4
What is the tens digit of 19911822?
2
What is the hundred thousands digit of 1026465?
0
What is the millions digit of 6408074?
6
What is the units digit of 148353?
3
What is the hundreds digit of 1096464?
4
What is the hundred thousands digit of 5385826?
3
What is the hundreds digit of 6737032?
0
What is the tens digit of 94779?
7
What